{"id":2619,"date":"2021-01-05T04:16:39","date_gmt":"2021-01-05T06:16:39","guid":{"rendered":"http:\/\/www.augustoleitaoadvocacia.com.br\/blogs\/?page_id=2619"},"modified":"2025-02-20T23:12:26","modified_gmt":"2025-02-21T02:12:26","slug":"adicionais","status":"publish","type":"page","link":"http:\/\/www.augustoleitaoadvocacia.com.br\/blogs\/adicionais\/","title":{"rendered":"OS ADICIONAIS"},"content":{"rendered":"\n<!-- Quick Adsense WordPress Plugin: http:\/\/quickadsense.com\/ -->\n<div class=\"4c308e0e15e97424b3b568e9327077b2\" data-index=\"1\" style=\"float: none; margin:10px 0 10px 0; text-align:center;\">\n<script async src=\"https:\/\/pagead2.googlesyndication.com\/pagead\/js\/adsbygoogle.js\"><\/script>\r\n<!-- ad1 -->\r\n<ins class=\"adsbygoogle\"\r\n     style=\"display:block\"\r\n     data-ad-client=\"ca-pub-4368990898667171\"\r\n     data-ad-slot=\"6831709539\"\r\n     data-ad-format=\"auto\"\r\n     data-full-width-responsive=\"true\"><\/ins>\r\n<script>\r\n     (adsbygoogle = window.adsbygoogle || []).push({});\r\n<\/script>\n<\/div>\n\n<a href=\"28-86\" target=\"_self\" itemprop=\"url\" rel=\"noopener noreferrer\">\n\t\t\t\t<img loading=\"lazy\" src=\"http:\/\/www.augustoleitaoadvocacia.com.br\/blogs\/wp-content\/uploads\/2020\/11\/Sem-t\u00edtulo-8c\u00f3pia.png\" alt=\"Sem t\u00edtulo-8c\u00f3pia\" itemprop=\"image\" height=\"267\" width=\"793\" title=\"Sem t\u00edtulo-8c\u00f3pia\" onerror=\"this.style.display='none'\">\n\t\t\t\t<\/a>\n<h3><a href=\"28-86\" target=\"_self\" rel=\"noopener noreferrer\">Conhe\u00e7a os Principais Argumentos de Defesa dessa Tese<\/a><\/h3>\t\t\n\t\t\t<h6>Trata-se de a\u00e7\u00e3o judicial que pretende estender a todos os militares o maior percentual previsto de Adicional de Compensa\u00e7\u00e3o por Disponibilidade<\/h6>\n\t\t\t<a href=\"28-86\" target=\"_self\" role=\"button\" rel=\"noopener noreferrer\">\n\t\t\t\t\t\t\tSaiba Mais &gt;&gt;\n\t\t\t\t\t<\/a>\n\t\t\t\t<a href=\"disponibilidade\" target=\"_self\" itemprop=\"url\" rel=\"noopener noreferrer\">\n\t\t\t\t<img loading=\"lazy\" src=\"http:\/\/www.augustoleitaoadvocacia.com.br\/blogs\/wp-content\/uploads\/2021\/04\/disponibilidade_ts.png\" alt=\"disponibilidade_ts\" itemprop=\"image\" height=\"267\" width=\"793\" title=\"disponibilidade_ts\" onerror=\"this.style.display='none'\">\n\t\t\t\t<\/a>\n<h3><a href=\"disponibilidade\" target=\"_self\" rel=\"noopener noreferrer\">Acumula\u00e7\u00e3o de Adicionais na via Judicial<\/a><\/h3>\t\t\n\t\t\t<h6>Aqui voc\u00ea vai entender as veda\u00e7\u00f5es do art. 8\u00ba da Lei 13.954\/2019 e se h\u00e1 viabilidade de discutir a mat\u00e9ria na esfera judicial<\/h6>\n\t\t\t<a href=\"disponibilidade\" target=\"_self\" role=\"button\" rel=\"noopener noreferrer\">\n\t\t\t\t\t\t\tSaiba Mais &gt;&gt;\n\t\t\t\t\t<\/a>\n\t\t\t\t<a href=\"reajuste-2020-2021\" target=\"_self\" itemprop=\"url\" rel=\"noopener noreferrer\">\n\t\t\t\t<img loading=\"lazy\" src=\"http:\/\/www.augustoleitaoadvocacia.com.br\/blogs\/wp-content\/uploads\/2021\/04\/hab_nova_tab.png\" alt=\"hab_nova_tab\" itemprop=\"image\" height=\"267\" width=\"793\" title=\"hab_nova_tab\" onerror=\"this.style.display='none'\">\n\t\t\t\t<\/a>\n<h3><a href=\"reajuste-2020-2021\" target=\"_self\" rel=\"noopener noreferrer\">Reajustes do Adicional de Habilita\u00e7\u00e3o<\/a><\/h3>\t\t\n\t\t\t<h6>Quais ser\u00e3o os novos percentuais do Adicional de Habilita\u00e7\u00e3o at\u00e9 2023 por categoria e onde est\u00e1 previsto o escalonamento da Lei 13.954\/2019?<\/h6>\n\t\t\t<a href=\"reajuste-2020-2021\" target=\"_self\" role=\"button\" rel=\"noopener noreferrer\">\n\t\t\t\t\t\t\tSaiba Mais &gt;&gt;\n\t\t\t\t\t<\/a>\n\t\t\t\t<a href=\"a-lacuna\" target=\"_self\" itemprop=\"url\" rel=\"noopener noreferrer\">\n\t\t\t\t<img loading=\"lazy\" src=\"http:\/\/www.augustoleitaoadvocacia.com.br\/blogs\/wp-content\/uploads\/2021\/04\/lacuna_e_hab.png\" alt=\"lacuna_e_hab\" itemprop=\"image\" height=\"267\" width=\"793\" title=\"lacuna_e_hab\" onerror=\"this.style.display='none'\">\n\t\t\t\t<\/a>\n<h3><a href=\"a-lacuna\" target=\"_self\" rel=\"noopener noreferrer\">Militares Prejudicados pela MP 2215-10\/2001 em raz\u00e3o dos cursos n\u00e3o oferecidos<\/a><\/h3>\t\t\n\t\t\t<h6>A\u00e7\u00f5es Judiciais de Equipara\u00e7\u00e3o de percentuais de Adicional de Habilita\u00e7\u00e3o e n\u00edvel Aproveitamento a Altos Estudos I e II.<\/h6>\n\t\t\t<a href=\"a-lacuna\" target=\"_self\" role=\"button\" rel=\"noopener noreferrer\">\n\t\t\t\t\t\t\tSaiba Mais &gt;&gt;\n\t\t\t\t\t<\/a>\n\t\t\t\t<a href=\"cas-chqao\" target=\"_self\" itemprop=\"url\" rel=\"noopener noreferrer\">\n\t\t\t\t<img loading=\"lazy\" src=\"http:\/\/www.augustoleitaoadvocacia.com.br\/blogs\/wp-content\/uploads\/2021\/04\/cas.png\" alt=\"cas\" itemprop=\"image\" height=\"268\" width=\"790\" title=\"cas\" onerror=\"this.style.display='none'\">\n\t\t\t\t<\/a>\n<h3><a href=\"cas-chqao\" target=\"_self\" rel=\"noopener noreferrer\">Acumula\u00e7\u00e3o de Adicionais na via Judicial<\/a><\/h3>\t\t\n\t\t\t<h6>Conhe\u00e7a os fundamentos dessa A\u00e7\u00e3o Judicial que desperta interesse e curiosidade em Militares e Pensionistas<\/h6>\n\t\t\t<a href=\"cas-chqao\" target=\"_self\" role=\"button\" rel=\"noopener noreferrer\">\n\t\t\t\t\t\t\tSaiba Mais &gt;&gt;\n\t\t\t\t\t<\/a>\n\t\t\t\t<a href=\"tese-13-51\" target=\"_self\" itemprop=\"url\" rel=\"noopener noreferrer\">\n\t\t\t\t<img loading=\"lazy\" src=\"http:\/\/www.augustoleitaoadvocacia.com.br\/blogs\/wp-content\/uploads\/2021\/04\/tese13.png\" alt=\"tese13\" itemprop=\"image\" height=\"267\" width=\"793\" title=\"tese13\" onerror=\"this.style.display='none'\">\n\t\t\t\t<\/a>\n<h3><a href=\"tese-13-51\" target=\"_self\" rel=\"noopener noreferrer\">Entenda que tese \u00e9 essa e a quem pode ser apli\u00e1vel<\/a><\/h3>\t\t\n\t\t\t<h6>Conhe\u00e7a agora os principais argumentos e como a\u00e7\u00f5es como essa poderiam amenizar distor\u00e7\u00f5es trazidas pela Lei 13.954\/2019<\/h6>\n\t\t\t<a href=\"tese-13-51\" target=\"_self\" role=\"button\" rel=\"noopener noreferrer\">\n\t\t\t\t\t\t\tSaiba Mais &gt;&gt;\n\t\t\t\t\t<\/a>\n\t\t\t\t<a href=\"faq-cc\" target=\"_self\" itemprop=\"url\" rel=\"noopener noreferrer\">\n\t\t\t\t<img loading=\"lazy\" src=\"http:\/\/www.augustoleitaoadvocacia.com.br\/blogs\/wp-content\/uploads\/2021\/01\/FAQ_CC.png\" alt=\"FAQ_CC\" itemprop=\"image\" height=\"267\" width=\"793\" title=\"FAQ_CC\" onerror=\"this.style.display='none'\">\n\t\t\t\t<\/a>\n<h3><a href=\"faq-cc\" target=\"_self\" rel=\"noopener noreferrer\">Principais D\u00favidas no Blog e no Canal<\/a><\/h3>\t\t\n\t\t\t<h6>Entenda agora as 20 (vinte) perguntas mais recorrentes no Blog e no Canal a respeito das modifica\u00e7\u00f5es trazidas pela Lei 13.954\/2019 nos contracheques de militares e pensionistas.<\/h6>\n\t\t\t<a href=\"faq-cc\" target=\"_self\" role=\"button\" rel=\"noopener noreferrer\">\n\t\t\t\t\t\t\tSaiba Mais &gt;&gt;\n\t\t\t\t\t<\/a>\n\t\t\t\t<a href=\"contato\" target=\"_self\" itemprop=\"url\" rel=\"noopener noreferrer\">\n\t\t\t\t<img loading=\"lazy\" src=\"http:\/\/www.augustoleitaoadvocacia.com.br\/blogs\/wp-content\/uploads\/2021\/01\/VIDEO_CONF.png\" alt=\"VIDEO_CONF\" itemprop=\"image\" height=\"267\" width=\"793\" title=\"VIDEO_CONF\" onerror=\"this.style.display='none'\">\n\t\t\t\t<\/a>\n<h3><a href=\"contato\" target=\"_self\" rel=\"noopener noreferrer\">Videoconfer\u00eancias desde a Pandemia de Covid-19<\/a><\/h3>\t\t\n\t\t\t<h6>A consulta por videoconfer\u00eancia, informa\u00e7\u00f5es sobre honor\u00e1rios e outros esclarecimentos devem ser realizados via e-mail ou Whatsapp na&nbsp;<a href=\"http:\/\/www.augustoleitaoadvocacia.com.br\/blogs\/contato\/\">p\u00e1gina de contatos<\/a>.<\/h6>\n\t\t\t<a href=\"contato\" target=\"_self\" role=\"button\" rel=\"noopener noreferrer\">\n\t\t\t\t\t\t\tSaiba Mais &gt;&gt;\n\t\t\t\t\t<\/a>\n\t\t\t\t<a href=\"2828-2\" target=\"_self\" itemprop=\"url\" rel=\"noopener noreferrer\">\n\t\t\t\t<img loading=\"lazy\" src=\"http:\/\/www.augustoleitaoadvocacia.com.br\/blogs\/wp-content\/uploads\/2021\/04\/os_28.png\" alt=\"os_28\" itemprop=\"image\" height=\"267\" width=\"793\" title=\"os_28\" onerror=\"this.style.display='none'\">\n\t\t\t\t<\/a>\n<h3><a href=\"2828-2\" target=\"_self\" rel=\"noopener noreferrer\">Um Hist\u00f3rico e o Desfecho<\/a><\/h3>\t\t\n\t\t\t<h6>Entenda o que foi esse reajuste, quem foram os destinat\u00e1rios e porque alguns militares jamais obtiveram tal vantagem<\/h6>\n\t\t\t<a href=\"2828-2\" target=\"_self\" role=\"button\" rel=\"noopener noreferrer\">\n\t\t\t\t\t\t\tSaiba Mais &gt;&gt;\n\t\t\t\t\t<\/a>\n\t\t<h3>Agendamento de Videoconfer\u00eancia!!<\/h3>\n\t\t<h5>A consulta por videoconfer\u00eancia, informa\u00e7\u00f5es sobre honor\u00e1rios e outros esclarecimentos devem ser realizados via e-mail ou Whatsapp na <a href=\"http:\/\/www.augustoleitaoadvocacia.com.br\/blogs\/contato\/\">p\u00e1gina de contatos<\/a>.<\/h5>\n\t\t\t<a href=\"contato\" target=\"_self\" role=\"button\" rel=\"noopener noreferrer\">\n\t\t\t\t\t\t\tP\u00e1gina de Contatos!!\n\t\t\t\t\t<\/a>\n\n<div style=\"font-size: 0px; height: 0px; line-height: 0px; margin: 0; padding: 0; clear: both;\"><\/div>","protected":false},"excerpt":{"rendered":"<p>Conhe\u00e7a os Principais Argumentos de Defesa dessa Tese Trata-se de a\u00e7\u00e3o judicial que pretende estender a todos os militares o maior percentual previsto de Adicional de Compensa\u00e7\u00e3o por Disponibilidade Saiba Mais &gt;&gt; Acumula\u00e7\u00e3o de Adicionais na via Judicial Aqui voc\u00ea vai entender as veda\u00e7\u00f5es do art. 8\u00ba da Lei 13.954\/2019 e se h\u00e1 viabilidade de<\/p>\n<p><a href=\"http:\/\/www.augustoleitaoadvocacia.com.br\/blogs\/adicionais\/\" class=\"more-link themebutton\">Read More<\/a><\/p>\n","protected":false},"author":1,"featured_media":0,"parent":0,"menu_order":0,"comment_status":"closed","ping_status":"closed","template":"","meta":[],"yoast_head":"<!-- This site is optimized with the Yoast SEO plugin v17.6 - https:\/\/yoast.com\/wordpress\/plugins\/seo\/ -->\n<title>OS ADICIONAIS - Augusto Leit&atilde;o Advocacia, Consultoria e Assessoria Jur&iacute;dica<\/title>\n<meta name=\"description\" content=\"Entenda quais as principais modifica\u00e7\u00f5es que a Lei 13.954\/2019 trouxe para militares e pensionistas e se os quais s\u00e3o os eventuais reajustes de adicionais\" \/>\n<meta name=\"robots\" content=\"index, follow, max-snippet:-1, max-image-preview:large, max-video-preview:-1\" \/>\n<link rel=\"canonical\" href=\"https:\/\/www.augustoleitaoadvocacia.com.br\/blogs\/adicionais\/\" \/>\n<meta property=\"og:locale\" content=\"pt_BR\" \/>\n<meta property=\"og:type\" content=\"article\" \/>\n<meta property=\"og:title\" content=\"OS ADICIONAIS - Augusto Leit&atilde;o Advocacia, Consultoria e Assessoria Jur&iacute;dica\" \/>\n<meta property=\"og:description\" content=\"Entenda quais as principais modifica\u00e7\u00f5es que a Lei 13.954\/2019 trouxe para militares e pensionistas e se os quais s\u00e3o os eventuais reajustes de adicionais\" \/>\n<meta property=\"og:url\" content=\"https:\/\/www.augustoleitaoadvocacia.com.br\/blogs\/adicionais\/\" \/>\n<meta property=\"og:site_name\" content=\"Augusto Leit&atilde;o Advocacia, Consultoria e Assessoria Jur&iacute;dica\" \/>\n<meta property=\"article:publisher\" content=\"https:\/\/www.facebook.com\/augusto.leitao.71\" \/>\n<meta property=\"article:modified_time\" content=\"2025-02-21T02:12:26+00:00\" \/>\n<meta property=\"og:image\" content=\"http:\/\/www.augustoleitaoadvocacia.com.br\/blogs\/wp-content\/uploads\/2020\/11\/Sem-t\u00edtulo-8c\u00f3pia.png\" \/>\n<meta name=\"twitter:card\" content=\"summary\" \/>\n<meta name=\"twitter:label1\" content=\"Est. reading time\" \/>\n\t<meta name=\"twitter:data1\" content=\"4 minutos\" \/>\n<script type=\"application\/ld+json\" class=\"yoast-schema-graph\">{\"@context\":\"https:\/\/schema.org\",\"@graph\":[{\"@type\":\"WebSite\",\"@id\":\"http:\/\/www.augustoleitaoadvocacia.com.br\/blogs\/#website\",\"url\":\"http:\/\/www.augustoleitaoadvocacia.com.br\/blogs\/\",\"name\":\"Augusto Leit&atilde;o Advocacia, Consultoria e Assessoria Jur&iacute;dica\",\"description\":\"O Acesso &agrave; Justi&ccedil;a n&atilde;o &eacute; um Privil&eacute;gio; &eacute; um Direito!\",\"potentialAction\":[{\"@type\":\"SearchAction\",\"target\":{\"@type\":\"EntryPoint\",\"urlTemplate\":\"http:\/\/www.augustoleitaoadvocacia.com.br\/blogs\/?s={search_term_string}\"},\"query-input\":\"required name=search_term_string\"}],\"inLanguage\":\"pt-BR\"},{\"@type\":\"ImageObject\",\"@id\":\"https:\/\/www.augustoleitaoadvocacia.com.br\/blogs\/adicionais\/#primaryimage\",\"inLanguage\":\"pt-BR\",\"url\":\"http:\/\/www.augustoleitaoadvocacia.com.br\/blogs\/wp-content\/uploads\/2020\/11\/Sem-t\\u00edtulo-8c\\u00f3pia.png\",\"contentUrl\":\"http:\/\/www.augustoleitaoadvocacia.com.br\/blogs\/wp-content\/uploads\/2020\/11\/Sem-t\\u00edtulo-8c\\u00f3pia.png\",\"width\":793,\"height\":267},{\"@type\":\"WebPage\",\"@id\":\"https:\/\/www.augustoleitaoadvocacia.com.br\/blogs\/adicionais\/#webpage\",\"url\":\"https:\/\/www.augustoleitaoadvocacia.com.br\/blogs\/adicionais\/\",\"name\":\"OS ADICIONAIS - Augusto Leit&atilde;o Advocacia, Consultoria e Assessoria Jur&iacute;dica\",\"isPartOf\":{\"@id\":\"http:\/\/www.augustoleitaoadvocacia.com.br\/blogs\/#website\"},\"primaryImageOfPage\":{\"@id\":\"https:\/\/www.augustoleitaoadvocacia.com.br\/blogs\/adicionais\/#primaryimage\"},\"datePublished\":\"2021-01-05T06:16:39+00:00\",\"dateModified\":\"2025-02-21T02:12:26+00:00\",\"description\":\"Entenda quais as principais modifica\\u00e7\\u00f5es que a Lei 13.954\/2019 trouxe para militares e pensionistas e se os quais s\\u00e3o os eventuais reajustes de adicionais\",\"breadcrumb\":{\"@id\":\"https:\/\/www.augustoleitaoadvocacia.com.br\/blogs\/adicionais\/#breadcrumb\"},\"inLanguage\":\"pt-BR\",\"potentialAction\":[{\"@type\":\"ReadAction\",\"target\":[\"https:\/\/www.augustoleitaoadvocacia.com.br\/blogs\/adicionais\/\"]}]},{\"@type\":\"BreadcrumbList\",\"@id\":\"https:\/\/www.augustoleitaoadvocacia.com.br\/blogs\/adicionais\/#breadcrumb\",\"itemListElement\":[{\"@type\":\"ListItem\",\"position\":1,\"name\":\"In\\u00edcio\",\"item\":\"https:\/\/www.augustoleitaoadvocacia.com.br\/blogs\/\"},{\"@type\":\"ListItem\",\"position\":2,\"name\":\"OS ADICIONAIS\"}]}]}<\/script>\n<!-- \/ Yoast SEO plugin. -->","yoast_head_json":{"title":"OS ADICIONAIS - Augusto Leit&atilde;o Advocacia, Consultoria e Assessoria Jur&iacute;dica","description":"Entenda quais as principais modifica\u00e7\u00f5es que a Lei 13.954\/2019 trouxe para militares e pensionistas e se os quais s\u00e3o os eventuais reajustes de adicionais","robots":{"index":"index","follow":"follow","max-snippet":"max-snippet:-1","max-image-preview":"max-image-preview:large","max-video-preview":"max-video-preview:-1"},"canonical":"https:\/\/www.augustoleitaoadvocacia.com.br\/blogs\/adicionais\/","og_locale":"pt_BR","og_type":"article","og_title":"OS ADICIONAIS - Augusto Leit&atilde;o Advocacia, Consultoria e Assessoria Jur&iacute;dica","og_description":"Entenda quais as principais modifica\u00e7\u00f5es que a Lei 13.954\/2019 trouxe para militares e pensionistas e se os quais s\u00e3o os eventuais reajustes de adicionais","og_url":"https:\/\/www.augustoleitaoadvocacia.com.br\/blogs\/adicionais\/","og_site_name":"Augusto Leit&atilde;o Advocacia, Consultoria e Assessoria Jur&iacute;dica","article_publisher":"https:\/\/www.facebook.com\/augusto.leitao.71","article_modified_time":"2025-02-21T02:12:26+00:00","og_image":[{"url":"http:\/\/www.augustoleitaoadvocacia.com.br\/blogs\/wp-content\/uploads\/2020\/11\/Sem-t\u00edtulo-8c\u00f3pia.png"}],"twitter_card":"summary","twitter_misc":{"Est. reading time":"4 minutos"},"schema":{"@context":"https:\/\/schema.org","@graph":[{"@type":"WebSite","@id":"http:\/\/www.augustoleitaoadvocacia.com.br\/blogs\/#website","url":"http:\/\/www.augustoleitaoadvocacia.com.br\/blogs\/","name":"Augusto Leit&atilde;o Advocacia, Consultoria e Assessoria Jur&iacute;dica","description":"O Acesso &agrave; Justi&ccedil;a n&atilde;o &eacute; um Privil&eacute;gio; &eacute; um Direito!","potentialAction":[{"@type":"SearchAction","target":{"@type":"EntryPoint","urlTemplate":"http:\/\/www.augustoleitaoadvocacia.com.br\/blogs\/?s={search_term_string}"},"query-input":"required name=search_term_string"}],"inLanguage":"pt-BR"},{"@type":"ImageObject","@id":"https:\/\/www.augustoleitaoadvocacia.com.br\/blogs\/adicionais\/#primaryimage","inLanguage":"pt-BR","url":"http:\/\/www.augustoleitaoadvocacia.com.br\/blogs\/wp-content\/uploads\/2020\/11\/Sem-t\u00edtulo-8c\u00f3pia.png","contentUrl":"http:\/\/www.augustoleitaoadvocacia.com.br\/blogs\/wp-content\/uploads\/2020\/11\/Sem-t\u00edtulo-8c\u00f3pia.png","width":793,"height":267},{"@type":"WebPage","@id":"https:\/\/www.augustoleitaoadvocacia.com.br\/blogs\/adicionais\/#webpage","url":"https:\/\/www.augustoleitaoadvocacia.com.br\/blogs\/adicionais\/","name":"OS ADICIONAIS - Augusto Leit&atilde;o Advocacia, Consultoria e Assessoria Jur&iacute;dica","isPartOf":{"@id":"http:\/\/www.augustoleitaoadvocacia.com.br\/blogs\/#website"},"primaryImageOfPage":{"@id":"https:\/\/www.augustoleitaoadvocacia.com.br\/blogs\/adicionais\/#primaryimage"},"datePublished":"2021-01-05T06:16:39+00:00","dateModified":"2025-02-21T02:12:26+00:00","description":"Entenda quais as principais modifica\u00e7\u00f5es que a Lei 13.954\/2019 trouxe para militares e pensionistas e se os quais s\u00e3o os eventuais reajustes de adicionais","breadcrumb":{"@id":"https:\/\/www.augustoleitaoadvocacia.com.br\/blogs\/adicionais\/#breadcrumb"},"inLanguage":"pt-BR","potentialAction":[{"@type":"ReadAction","target":["https:\/\/www.augustoleitaoadvocacia.com.br\/blogs\/adicionais\/"]}]},{"@type":"BreadcrumbList","@id":"https:\/\/www.augustoleitaoadvocacia.com.br\/blogs\/adicionais\/#breadcrumb","itemListElement":[{"@type":"ListItem","position":1,"name":"In\u00edcio","item":"https:\/\/www.augustoleitaoadvocacia.com.br\/blogs\/"},{"@type":"ListItem","position":2,"name":"OS ADICIONAIS"}]}]}},"_links":{"self":[{"href":"http:\/\/www.augustoleitaoadvocacia.com.br\/blogs\/wp-json\/wp\/v2\/pages\/2619"}],"collection":[{"href":"http:\/\/www.augustoleitaoadvocacia.com.br\/blogs\/wp-json\/wp\/v2\/pages"}],"about":[{"href":"http:\/\/www.augustoleitaoadvocacia.com.br\/blogs\/wp-json\/wp\/v2\/types\/page"}],"author":[{"embeddable":true,"href":"http:\/\/www.augustoleitaoadvocacia.com.br\/blogs\/wp-json\/wp\/v2\/users\/1"}],"replies":[{"embeddable":true,"href":"http:\/\/www.augustoleitaoadvocacia.com.br\/blogs\/wp-json\/wp\/v2\/comments?post=2619"}],"version-history":[{"count":7,"href":"http:\/\/www.augustoleitaoadvocacia.com.br\/blogs\/wp-json\/wp\/v2\/pages\/2619\/revisions"}],"predecessor-version":[{"id":5129,"href":"http:\/\/www.augustoleitaoadvocacia.com.br\/blogs\/wp-json\/wp\/v2\/pages\/2619\/revisions\/5129"}],"wp:attachment":[{"href":"http:\/\/www.augustoleitaoadvocacia.com.br\/blogs\/wp-json\/wp\/v2\/media?parent=2619"}],"curies":[{"name":"wp","href":"https:\/\/api.w.org\/{rel}","templated":true}]}}